{"id":5251,"date":"2020-01-30T11:41:09","date_gmt":"2020-01-30T10:41:09","guid":{"rendered":"http:\/\/www.matar.it\/?page_id=5251"},"modified":"2020-01-30T11:45:18","modified_gmt":"2020-01-30T10:45:18","slug":"medicale","status":"publish","type":"page","link":"http:\/\/www.matar.it\/index.php\/medicale\/","title":{"rendered":"Medicale"},"content":{"rendered":"<p>[vc_row row_background_lines=&#8221;no&#8221;][vc_column]<div class=\"mkdf-image-gallery mkdf-grid-list mkdf-grid-masonry-list mkdf-disable-bottom-space  mkdf-ig-masonry-type mkdf-two-columns mkdf-tiny-space  \">\n\t<div class=\"mkdf-ig-inner mkdf-outer-space mkdf-masonry-list-wrapper\">\n\t\t<div class=\"mkdf-masonry-grid-sizer\"><\/div>\n\t\t<div class=\"mkdf-masonry-grid-gutter\"><\/div>\n\t\t\t\t\t\t\t\t<div class=\"mkdf-ig-image mkdf-item-space \">\n\t\t\t\t<div class=\"mkdf-ig-image-inner\">\n\t\t\t\t\t\t\t\t\t\t\t<img width=\"2560\" height=\"1707\" src=\"http:\/\/www.matar.it\/wp-content\/uploads\/2020\/01\/Matar29-scaled.jpg\" class=\"attachment-full size-full\" alt=\"\" loading=\"lazy\" srcset=\"http:\/\/www.matar.it\/wp-content\/uploads\/2020\/01\/Matar29-scaled.jpg 2560w, http:\/\/www.matar.it\/wp-content\/uploads\/2020\/01\/Matar29-300x200.jpg 300w, http:\/\/www.matar.it\/wp-content\/uploads\/2020\/01\/Matar29-1024x683.jpg 1024w, http:\/\/www.matar.it\/wp-content\/uploads\/2020\/01\/Matar29-768x512.jpg 768w, http:\/\/www.matar.it\/wp-content\/uploads\/2020\/01\/Matar29-1536x1024.jpg 1536w, http:\/\/www.matar.it\/wp-content\/uploads\/2020\/01\/Matar29-600x400.jpg 600w\" sizes=\"(max-width: 2560px) 100vw, 2560px\" \/>\t\t\t\t\t\t\t\t\t<\/div>\n\t\t\t<\/div>\n\t\t\t\t\t\t\t\t<div class=\"mkdf-ig-image mkdf-item-space \">\n\t\t\t\t<div class=\"mkdf-ig-image-inner\">\n\t\t\t\t\t\t\t\t\t\t\t<img width=\"1876\" height=\"1880\" src=\"http:\/\/www.matar.it\/wp-content\/uploads\/2020\/01\/Matar28.jpg\" class=\"attachment-full size-full\" alt=\"\" loading=\"lazy\" srcset=\"http:\/\/www.matar.it\/wp-content\/uploads\/2020\/01\/Matar28.jpg 1876w, http:\/\/www.matar.it\/wp-content\/uploads\/2020\/01\/Matar28-300x300.jpg 300w, http:\/\/www.matar.it\/wp-content\/uploads\/2020\/01\/Matar28-1022x1024.jpg 1022w, http:\/\/www.matar.it\/wp-content\/uploads\/2020\/01\/Matar28-150x150.jpg 150w, http:\/\/www.matar.it\/wp-content\/uploads\/2020\/01\/Matar28-768x770.jpg 768w, http:\/\/www.matar.it\/wp-content\/uploads\/2020\/01\/Matar28-1533x1536.jpg 1533w, http:\/\/www.matar.it\/wp-content\/uploads\/2020\/01\/Matar28-650x650.jpg 650w, http:\/\/www.matar.it\/wp-content\/uploads\/2020\/01\/Matar28-600x601.jpg 600w, http:\/\/www.matar.it\/wp-content\/uploads\/2020\/01\/Matar28-100x100.jpg 100w\" sizes=\"(max-width: 1876px) 100vw, 1876px\" \/>\t\t\t\t\t\t\t\t\t<\/div>\n\t\t\t<\/div>\n\t\t\t<\/div>\n<\/div>[\/vc_column][\/vc_row][vc_row row_background_lines=&#8221;no&#8221;][vc_column][vc_empty_space height=&#8221;60px&#8221;][\/vc_column][\/vc_row][vc_row row_background_lines=&#8221;no&#8221;][vc_column][vc_column_text]Siamo in grado di offrire un vasto assortimento di bombole da utilizzare nel campo medicale. Distributore della Luxfer Gas Cylinders, la nostra azienda pu\u00f2 avvalersi della pi\u00f9 che trentennale esperienza maturata nella fornitura di bombole in lega leggera ed in materiale composito per questo specifico settore. La Matar s.r.l. riesce a soddisfare ogni tipo di esigenza del cliente grazie all&#8217;estesa gamma di bombole destinate al contenimento di ossigeno ed altri gas medicali che mettiamo a disposizione. Altamente performanti, estremamente resistenti alla corrosione ed alternativa alle tradizionali bombole in acciaio, unitamente alle proprie caratteristiche di risparmio di peso, le bombole in lega Luxfer combinano la stabilit\u00e0 del gas contenuto con eccezionali doti di resistenza e durabilit\u00e0 Le bombole in lega leggera fornite dalla Matar s.r.l. rappresentano la scelta ideale per le applicazioni nella ossigeno-terapia domestica, ospedaliera, ambulatoriale e in tutte le altre applicazioni richieste dalle istituzioni mediche.<\/p>\n<p>&nbsp;<\/p>\n<p>L7X\u00ae &#8211; 30 % PIU&#8217; LEGGERA DELLA LEGA IN ALLUMINIO E FINO A 300 BAR DI ESERCIZIO<\/p>\n<p>Sempre pi\u00f9 spazio ed attenzione viene dedicato nel campo medicale alle bombole in lega 7000 sia integralmente in metallo che in materiale composito. Tra gli articoli che la Matar s.r.l. \u00e8 in grado di fornire ci sono le bombole in lega leggera che essendo amagnetiche, cos\u00ec come le valvole ed i carrelli porta bombole, possiedono eccezionali doti di resistenza e durabilit\u00e0. Sono le uniche che possono essere idonee per l\u2019utilizzo in ambiente NMR.[\/vc_column_text][\/vc_column][\/vc_row][vc_row row_background_lines=&#8221;no&#8221;][vc_column][vc_empty_space height=&#8221;60px&#8221;][\/vc_column][\/vc_row]<\/p>\n","protected":false},"excerpt":{"rendered":"<p>[vc_row row_background_lines=&#8221;no&#8221;][vc_column][\/vc_column][\/vc_row][vc_row row_background_lines=&#8221;no&#8221;][vc_column][vc_empty_space height=&#8221;60px&#8221;][\/vc_column][\/vc_row][vc_row row_background_lines=&#8221;no&#8221;][vc_column][vc_column_text]Siamo in grado di offrire un vasto assortimento di bombole da utilizzare nel campo medicale. Distributore della Luxfer Gas Cylinders, la nostra azienda pu\u00f2 avvalersi della [&hellip;]<\/p>\n","protected":false},"author":1,"featured_media":0,"parent":0,"menu_order":0,"comment_status":"closed","ping_status":"closed","template":"","meta":[],"_links":{"self":[{"href":"http:\/\/www.matar.it\/index.php\/wp-json\/wp\/v2\/pages\/5251"}],"collection":[{"href":"http:\/\/www.matar.it\/index.php\/wp-json\/wp\/v2\/pages"}],"about":[{"href":"http:\/\/www.matar.it\/index.php\/wp-json\/wp\/v2\/types\/page"}],"author":[{"embeddable":true,"href":"http:\/\/www.matar.it\/index.php\/wp-json\/wp\/v2\/users\/1"}],"replies":[{"embeddable":true,"href":"http:\/\/www.matar.it\/index.php\/wp-json\/wp\/v2\/comments?post=5251"}],"version-history":[{"count":4,"href":"http:\/\/www.matar.it\/index.php\/wp-json\/wp\/v2\/pages\/5251\/revisions"}],"predecessor-version":[{"id":5254,"href":"http:\/\/www.matar.it\/index.php\/wp-json\/wp\/v2\/pages\/5251\/revisions\/5254"}],"wp:attachment":[{"href":"http:\/\/www.matar.it\/index.php\/wp-json\/wp\/v2\/media?parent=5251"}],"curies":[{"name":"wp","href":"https:\/\/api.w.org\/{rel}","templated":true}]}}