{"id":5238,"date":"2020-01-30T11:19:20","date_gmt":"2020-01-30T10:19:20","guid":{"rendered":"http:\/\/www.matar.it\/?page_id=5238"},"modified":"2020-02-19T16:06:29","modified_gmt":"2020-02-19T15:06:29","slug":"industriale","status":"publish","type":"page","link":"http:\/\/www.matar.it\/index.php\/industriale\/","title":{"rendered":"Industriale"},"content":{"rendered":"<p>[vc_row row_background_lines=&#8221;no&#8221;][vc_column]<div class=\"mkdf-image-gallery mkdf-grid-list mkdf-grid-masonry-list mkdf-disable-bottom-space  mkdf-ig-masonry-type mkdf-two-columns mkdf-tiny-space  \">\n\t<div class=\"mkdf-ig-inner mkdf-outer-space mkdf-masonry-list-wrapper\">\n\t\t<div class=\"mkdf-masonry-grid-sizer\"><\/div>\n\t\t<div class=\"mkdf-masonry-grid-gutter\"><\/div>\n\t\t\t\t\t\t\t\t<div class=\"mkdf-ig-image mkdf-item-space \">\n\t\t\t\t<div class=\"mkdf-ig-image-inner\">\n\t\t\t\t\t\t\t\t\t\t\t<img width=\"2560\" height=\"2509\" src=\"http:\/\/www.matar.it\/wp-content\/uploads\/2020\/01\/Matar27-scaled.jpg\" class=\"attachment-full size-full\" alt=\"\" loading=\"lazy\" srcset=\"http:\/\/www.matar.it\/wp-content\/uploads\/2020\/01\/Matar27-scaled.jpg 2560w, http:\/\/www.matar.it\/wp-content\/uploads\/2020\/01\/Matar27-300x294.jpg 300w, http:\/\/www.matar.it\/wp-content\/uploads\/2020\/01\/Matar27-1024x1003.jpg 1024w, http:\/\/www.matar.it\/wp-content\/uploads\/2020\/01\/Matar27-768x753.jpg 768w, http:\/\/www.matar.it\/wp-content\/uploads\/2020\/01\/Matar27-1536x1505.jpg 1536w, http:\/\/www.matar.it\/wp-content\/uploads\/2020\/01\/Matar27-600x588.jpg 600w\" sizes=\"(max-width: 2560px) 100vw, 2560px\" \/>\t\t\t\t\t\t\t\t\t<\/div>\n\t\t\t<\/div>\n\t\t\t\t\t\t\t\t<div class=\"mkdf-ig-image mkdf-item-space \">\n\t\t\t\t<div class=\"mkdf-ig-image-inner\">\n\t\t\t\t\t\t\t\t\t\t\t<img width=\"992\" height=\"1524\" src=\"http:\/\/www.matar.it\/wp-content\/uploads\/2020\/01\/Matar22.jpg\" class=\"attachment-full size-full\" alt=\"\" loading=\"lazy\" srcset=\"http:\/\/www.matar.it\/wp-content\/uploads\/2020\/01\/Matar22.jpg 992w, http:\/\/www.matar.it\/wp-content\/uploads\/2020\/01\/Matar22-195x300.jpg 195w, http:\/\/www.matar.it\/wp-content\/uploads\/2020\/01\/Matar22-667x1024.jpg 667w, http:\/\/www.matar.it\/wp-content\/uploads\/2020\/01\/Matar22-768x1180.jpg 768w, http:\/\/www.matar.it\/wp-content\/uploads\/2020\/01\/Matar22-600x922.jpg 600w\" sizes=\"(max-width: 992px) 100vw, 992px\" \/>\t\t\t\t\t\t\t\t\t<\/div>\n\t\t\t<\/div>\n\t\t\t<\/div>\n<\/div>[\/vc_column][\/vc_row][vc_row row_background_lines=&#8221;no&#8221;][vc_column][vc_empty_space height=&#8221;60px&#8221;][\/vc_column][\/vc_row][vc_row row_background_lines=&#8221;no&#8221;][vc_column][vc_column_text]L&#8217;utilizzo diffuso dei gas compressi in ambito industriale rende necessaria un\u2019approfondita ed aggiornata competenza per chiunque debba operare in questi ambiti. In campo industriale sono innumerevoli le applicazioni presenti, che vanno dalla saldatura alla produzione in atmosfera controllata. Per ogni tipo di gas utilizzato e per qualit\u00e0 dello stesso, si rendono necessarie diverse configurazioni. La scelta di bombola diviene un aspetto fondamentale per completare in modo corretto l&#8217;insieme dei componenti produttivi. Ragioni tecniche ed economiche devono essere analizzate con attenzione al fine di identificare al meglio la bombola che risponde alle reali necessit\u00e0 applicative. \u00c8 riconosciuto che le bombole in acciaio, nella maggior parte dei casi, siano la soluzione pi\u00f9 economica, mentre, da un punto di vista qualitativo, le bombole in lega leggera di alluminio risultano la soluzione ottimale per il mantenimento delle caratteristiche di purezza e stabilit\u00e0 del gas.<\/p>\n<p>I vantaggi della lega di alluminio, ovviamente, vanno riferiti anche al guadagno espresso in termini di peso. L&#8217;unione della leggerezza del materiale composito e della garanzia di purezza data dall&#8217;anima in lega di alluminio rendono l&#8217;uso delle bombole di Tipo3 una scelta obbligata, soprattutto quando risulta necessario l&#8217;inserimento delle bombole in un sistema complesso, che richiede il massimo risparmio di peso.[\/vc_column_text][\/vc_column][\/vc_row][vc_row row_background_lines=&#8221;no&#8221;][vc_column][vc_empty_space height=&#8221;60px&#8221;][\/vc_column][\/vc_row]<\/p>\n","protected":false},"excerpt":{"rendered":"<p>[vc_row row_background_lines=&#8221;no&#8221;][vc_column][\/vc_column][\/vc_row][vc_row row_background_lines=&#8221;no&#8221;][vc_column][vc_empty_space height=&#8221;60px&#8221;][\/vc_column][\/vc_row][vc_row row_background_lines=&#8221;no&#8221;][vc_column][vc_column_text]L&#8217;utilizzo diffuso dei gas compressi in ambito industriale rende necessaria un\u2019approfondita ed aggiornata competenza per chiunque debba operare in questi ambiti. In campo industriale sono innumerevoli [&hellip;]<\/p>\n","protected":false},"author":1,"featured_media":0,"parent":0,"menu_order":0,"comment_status":"closed","ping_status":"closed","template":"","meta":[],"_links":{"self":[{"href":"http:\/\/www.matar.it\/index.php\/wp-json\/wp\/v2\/pages\/5238"}],"collection":[{"href":"http:\/\/www.matar.it\/index.php\/wp-json\/wp\/v2\/pages"}],"about":[{"href":"http:\/\/www.matar.it\/index.php\/wp-json\/wp\/v2\/types\/page"}],"author":[{"embeddable":true,"href":"http:\/\/www.matar.it\/index.php\/wp-json\/wp\/v2\/users\/1"}],"replies":[{"embeddable":true,"href":"http:\/\/www.matar.it\/index.php\/wp-json\/wp\/v2\/comments?post=5238"}],"version-history":[{"count":12,"href":"http:\/\/www.matar.it\/index.php\/wp-json\/wp\/v2\/pages\/5238\/revisions"}],"predecessor-version":[{"id":5302,"href":"http:\/\/www.matar.it\/index.php\/wp-json\/wp\/v2\/pages\/5238\/revisions\/5302"}],"wp:attachment":[{"href":"http:\/\/www.matar.it\/index.php\/wp-json\/wp\/v2\/media?parent=5238"}],"curies":[{"name":"wp","href":"https:\/\/api.w.org\/{rel}","templated":true}]}}